{"id":33,"date":"2019-09-28T19:03:09","date_gmt":"2019-09-28T19:03:09","guid":{"rendered":"http:\/\/tcs.lv\/?page_id=33"},"modified":"2020-02-07T00:57:53","modified_gmt":"2020-02-06T22:57:53","slug":"karl-pedross","status":"publish","type":"page","link":"http:\/\/tcs.lv\/?page_id=33","title":{"rendered":"KARL PEDROSS"},"content":{"rendered":"<div id=\"pl-33\"  class=\"panel-layout\" ><div id=\"pg-33-0\"  class=\"panel-grid panel-no-style\" ><div id=\"pgc-33-0-0\"  class=\"panel-grid-cell\" ><div id=\"panel-33-0-0-0\" class=\"so-panel widget widget_sow-editor panel-first-child panel-last-child\" data-index=\"0\" ><div\n\t\t\t\n\t\t\tclass=\"so-widget-sow-editor so-widget-sow-editor-base\"\n\t\t\t\n\t\t>\n<div class=\"siteorigin-widget-tinymce textwidget\">\n\t<p><span lang=\"EN-US\">Ekolo<\/span>\u0123<span lang=\"EN-US\">iski<\/span><span lang=\"EN-US\">t<\/span>\u012b<span lang=\"EN-US\">ras<\/span><span lang=\"EN-US\">dab<\/span>\u012b<span lang=\"EN-US\">gi<\/span><span lang=\"EN-US\">finier<\/span>\u0113<span lang=\"EN-US\">tas<\/span><span lang=\"EN-US\">koka<\/span><span lang=\"EN-US\">gr<\/span>\u012b<span lang=\"EN-US\">dl<\/span>\u012b<span lang=\"EN-US\">stes<\/span>.\u00a0<span lang=\"EN-US\">Izsmalcin<\/span>\u0101<span lang=\"EN-US\">t<\/span>\u0101<span lang=\"EN-US\">s<\/span><span lang=\"EN-US\">gr<\/span>\u012b<span lang=\"EN-US\">dl<\/span>\u012b<span lang=\"EN-US\">stes<\/span><span lang=\"EN-US\">ar<\/span><span lang=\"EN-US\">alum<\/span>\u012b<span lang=\"EN-US\">nija<\/span><span lang=\"EN-US\">apdari<\/span>.\u00a0<span lang=\"EN-US\">Greznas<\/span><span lang=\"EN-US\">dab<\/span>\u012b<span lang=\"EN-US\">gi<\/span><span lang=\"EN-US\">finier<\/span>\u0113<span lang=\"EN-US\">t<\/span>\u0101<span lang=\"EN-US\">s<\/span><span lang=\"EN-US\">apmales<\/span>.\u00a0<span lang=\"EN-US\">Dab<\/span>\u012b<span lang=\"EN-US\">gi<\/span><span lang=\"EN-US\">finier<\/span>\u0113<span lang=\"EN-US\">ti<\/span><span lang=\"EN-US\">iek<\/span>\u0161\u0113<span lang=\"EN-US\">jie<\/span><span lang=\"EN-US\">un<\/span>\u00a0\u0101<span lang=\"EN-US\">r<\/span>\u0113<span lang=\"EN-US\">jie<\/span><span lang=\"EN-US\">st<\/span>\u016b<span lang=\"EN-US\">r<\/span>\u012b\u0161<span lang=\"EN-US\">i<\/span>.<\/p>\n<p><a href=\"http:\/\/www.pedross.com\/\" target=\"_blank\" rel=\"noopener\"><span lang=\"EN-US\">http:\/\/www.pedross.com\/<\/span><\/a><\/p>\n<p>\u042d\u043a\u043e\u043b\u043e\u0433\u0438\u0447\u0435\u0441\u043a\u0438 \u0447\u0438\u0441\u0442\u044b\u0435 \u043f\u043b\u0438\u043d\u0442\u0443\u0441\u0430 \u0438\u0437 \u0434\u0435\u0440\u0435\u0432\u0430 \u043e\u0442\u0434\u0435\u043b\u0430\u043d\u043d\u044b\u0435 \u043d\u0430\u0442\u0443\u0440\u0430\u043b\u044c\u043d\u044b\u043c \u0448\u043f\u043e\u043d\u043e\u043c \u0432\u044b\u0441\u043e\u0442\u043e\u0439 40, 60, 80 \u0438 100 \u043c\u043c. \u0418\u0437\u044b\u0441\u043a\u0430\u043d\u043d\u044b\u0435 \u043f\u043b\u0438\u043d\u0442\u0443\u0441\u0430 \u043e\u0442\u0434\u0435\u043b\u0430\u043d\u043d\u044b\u0435 \u0430\u043b\u044e\u043c\u0438\u043d\u0438\u0435\u043c. \u0412\u0435\u043b\u0438\u043a\u043e\u043b\u0435\u043f\u043d\u044b\u0435 \u043d\u0430\u043b\u0438\u0447\u043d\u0438\u043a\u0438 \u043e\u0442\u0434\u0435\u043b\u0430\u043d\u043d\u044b\u0435 \u043d\u0430\u0442\u0443\u0440\u0430\u043b\u044c\u043d\u044b\u043c \u0448\u043f\u043e\u043d\u043e\u043c. \u041d\u0430\u0440\u0443\u0436\u043d\u044b\u0435 \u0438 \u0432\u043d\u0443\u0442\u0440\u0435\u043d\u043d\u0438\u0435 \u0443\u0433\u043b\u044b \u043e\u0442\u0434\u0435\u043b\u0430\u043d\u043d\u044b\u0435 \u043d\u0430\u0442\u0443\u0440\u0430\u043b\u044c\u043d\u044b\u043c \u0448\u043f\u043e\u043d\u043e\u043c.<\/p>\n<\/div>\n<\/div><\/div><\/div><\/div><\/div>","protected":false},"excerpt":{"rendered":"<p>Ekolo\u0123iskit\u012brasdab\u012bgifinier\u0113taskokagr\u012bdl\u012bstes.\u00a0Izsmalcin\u0101t\u0101sgr\u012bdl\u012bstesaralum\u012bnijaapdari.\u00a0Greznasdab\u012bgifinier\u0113t\u0101sapmales.\u00a0Dab\u012bgifinier\u0113tiiek\u0161\u0113jieun\u00a0\u0101r\u0113jiest\u016br\u012b\u0161i. http:\/\/www.pedross.com\/ \u042d\u043a\u043e\u043b\u043e\u0433\u0438\u0447\u0435\u0441\u043a\u0438 \u0447\u0438\u0441\u0442\u044b\u0435 \u043f\u043b\u0438\u043d\u0442\u0443\u0441\u0430 \u0438\u0437 \u0434\u0435\u0440\u0435\u0432\u0430 \u043e\u0442\u0434\u0435\u043b\u0430\u043d\u043d\u044b\u0435 \u043d\u0430\u0442\u0443\u0440\u0430\u043b\u044c\u043d\u044b\u043c \u0448\u043f\u043e\u043d\u043e\u043c \u0432\u044b\u0441\u043e\u0442\u043e\u0439 40, 60, 80 \u0438 100 \u043c\u043c. \u0418\u0437\u044b\u0441\u043a\u0430\u043d\u043d\u044b\u0435 \u043f\u043b\u0438\u043d\u0442\u0443\u0441\u0430 \u043e\u0442\u0434\u0435\u043b\u0430\u043d\u043d\u044b\u0435 \u0430\u043b\u044e\u043c\u0438\u043d\u0438\u0435\u043c. \u0412\u0435\u043b\u0438\u043a\u043e\u043b\u0435\u043f\u043d\u044b\u0435 \u043d\u0430\u043b\u0438\u0447\u043d\u0438\u043a\u0438 \u043e\u0442\u0434\u0435\u043b\u0430\u043d\u043d\u044b\u0435 \u043d\u0430\u0442\u0443\u0440\u0430\u043b\u044c\u043d\u044b\u043c \u0448\u043f\u043e\u043d\u043e\u043c. \u041d\u0430\u0440\u0443\u0436\u043d\u044b\u0435 \u0438 \u0432\u043d\u0443\u0442\u0440\u0435\u043d\u043d\u0438\u0435 \u0443\u0433\u043b\u044b \u043e\u0442\u0434\u0435\u043b\u0430\u043d\u043d\u044b\u0435 \u043d\u0430\u0442\u0443\u0440\u0430\u043b\u044c\u043d\u044b\u043c \u0448\u043f\u043e\u043d\u043e\u043c.<\/p>\n","protected":false},"author":1,"featured_media":0,"parent":39,"menu_order":0,"comment_status":"closed","ping_status":"closed","template":"","meta":{"_acf_changed":false,"footnotes":""},"class_list":["post-33","page","type-page","status-publish","hentry","content-columns-1"],"acf":[],"yoast_head":"<!-- This site is optimized with the Yoast SEO plugin v27.2 - https:\/\/yoast.com\/product\/yoast-seo-wordpress\/ -->\n<title>KARL PEDROSS - TCS,SIA<\/title>\n<meta name=\"robots\" content=\"index, follow, max-snippet:-1, max-image-preview:large, max-video-preview:-1\" \/>\n<link rel=\"canonical\" href=\"http:\/\/tcs.lv\/?page_id=33\" \/>\n<meta property=\"og:locale\" content=\"en_US\" \/>\n<meta property=\"og:type\" content=\"article\" \/>\n<meta property=\"og:title\" content=\"KARL PEDROSS - TCS,SIA\" \/>\n<meta property=\"og:description\" content=\"Ekolo\u0123iskit\u012brasdab\u012bgifinier\u0113taskokagr\u012bdl\u012bstes.\u00a0Izsmalcin\u0101t\u0101sgr\u012bdl\u012bstesaralum\u012bnijaapdari.\u00a0Greznasdab\u012bgifinier\u0113t\u0101sapmales.\u00a0Dab\u012bgifinier\u0113tiiek\u0161\u0113jieun\u00a0\u0101r\u0113jiest\u016br\u012b\u0161i. http:\/\/www.pedross.com\/ \u042d\u043a\u043e\u043b\u043e\u0433\u0438\u0447\u0435\u0441\u043a\u0438 \u0447\u0438\u0441\u0442\u044b\u0435 \u043f\u043b\u0438\u043d\u0442\u0443\u0441\u0430 \u0438\u0437 \u0434\u0435\u0440\u0435\u0432\u0430 \u043e\u0442\u0434\u0435\u043b\u0430\u043d\u043d\u044b\u0435 \u043d\u0430\u0442\u0443\u0440\u0430\u043b\u044c\u043d\u044b\u043c \u0448\u043f\u043e\u043d\u043e\u043c \u0432\u044b\u0441\u043e\u0442\u043e\u0439 40, 60, 80 \u0438 100 \u043c\u043c. \u0418\u0437\u044b\u0441\u043a\u0430\u043d\u043d\u044b\u0435 \u043f\u043b\u0438\u043d\u0442\u0443\u0441\u0430 \u043e\u0442\u0434\u0435\u043b\u0430\u043d\u043d\u044b\u0435 \u0430\u043b\u044e\u043c\u0438\u043d\u0438\u0435\u043c. \u0412\u0435\u043b\u0438\u043a\u043e\u043b\u0435\u043f\u043d\u044b\u0435 \u043d\u0430\u043b\u0438\u0447\u043d\u0438\u043a\u0438 \u043e\u0442\u0434\u0435\u043b\u0430\u043d\u043d\u044b\u0435 \u043d\u0430\u0442\u0443\u0440\u0430\u043b\u044c\u043d\u044b\u043c \u0448\u043f\u043e\u043d\u043e\u043c. \u041d\u0430\u0440\u0443\u0436\u043d\u044b\u0435 \u0438 \u0432\u043d\u0443\u0442\u0440\u0435\u043d\u043d\u0438\u0435 \u0443\u0433\u043b\u044b \u043e\u0442\u0434\u0435\u043b\u0430\u043d\u043d\u044b\u0435 \u043d\u0430\u0442\u0443\u0440\u0430\u043b\u044c\u043d\u044b\u043c \u0448\u043f\u043e\u043d\u043e\u043c.\" \/>\n<meta property=\"og:url\" content=\"http:\/\/tcs.lv\/?page_id=33\" \/>\n<meta property=\"og:site_name\" content=\"TCS,SIA\" \/>\n<meta property=\"article:modified_time\" content=\"2020-02-06T22:57:53+00:00\" \/>\n<meta name=\"twitter:card\" content=\"summary_large_image\" \/>\n<script type=\"application\/ld+json\" class=\"yoast-schema-graph\">{\"@context\":\"https:\/\/schema.org\",\"@graph\":[{\"@type\":\"WebPage\",\"@id\":\"http:\/\/tcs.lv\/?page_id=33\",\"url\":\"http:\/\/tcs.lv\/?page_id=33\",\"name\":\"KARL PEDROSS - TCS,SIA\",\"isPartOf\":{\"@id\":\"http:\/\/tcs.lv\/#website\"},\"datePublished\":\"2019-09-28T19:03:09+00:00\",\"dateModified\":\"2020-02-06T22:57:53+00:00\",\"breadcrumb\":{\"@id\":\"http:\/\/tcs.lv\/?page_id=33#breadcrumb\"},\"inLanguage\":\"en\",\"potentialAction\":[{\"@type\":\"ReadAction\",\"target\":[\"http:\/\/tcs.lv\/?page_id=33\"]}]},{\"@type\":\"BreadcrumbList\",\"@id\":\"http:\/\/tcs.lv\/?page_id=33#breadcrumb\",\"itemListElement\":[{\"@type\":\"ListItem\",\"position\":1,\"name\":\"Home\",\"item\":\"https:\/\/tcs.lv\/\"},{\"@type\":\"ListItem\",\"position\":2,\"name\":\"Produkcija\",\"item\":\"https:\/\/tcs.lv\/?page_id=39\"},{\"@type\":\"ListItem\",\"position\":3,\"name\":\"KARL PEDROSS\"}]},{\"@type\":\"WebSite\",\"@id\":\"http:\/\/tcs.lv\/#website\",\"url\":\"http:\/\/tcs.lv\/\",\"name\":\"TCS,SIA\",\"description\":\"L\u012bstes pasaule\",\"potentialAction\":[{\"@type\":\"SearchAction\",\"target\":{\"@type\":\"EntryPoint\",\"urlTemplate\":\"http:\/\/tcs.lv\/?s={search_term_string}\"},\"query-input\":{\"@type\":\"PropertyValueSpecification\",\"valueRequired\":true,\"valueName\":\"search_term_string\"}}],\"inLanguage\":\"en\"}]}<\/script>\n<!-- \/ Yoast SEO plugin. -->","yoast_head_json":{"title":"KARL PEDROSS - TCS,SIA","robots":{"index":"index","follow":"follow","max-snippet":"max-snippet:-1","max-image-preview":"max-image-preview:large","max-video-preview":"max-video-preview:-1"},"canonical":"http:\/\/tcs.lv\/?page_id=33","og_locale":"en_US","og_type":"article","og_title":"KARL PEDROSS - TCS,SIA","og_description":"Ekolo\u0123iskit\u012brasdab\u012bgifinier\u0113taskokagr\u012bdl\u012bstes.\u00a0Izsmalcin\u0101t\u0101sgr\u012bdl\u012bstesaralum\u012bnijaapdari.\u00a0Greznasdab\u012bgifinier\u0113t\u0101sapmales.\u00a0Dab\u012bgifinier\u0113tiiek\u0161\u0113jieun\u00a0\u0101r\u0113jiest\u016br\u012b\u0161i. http:\/\/www.pedross.com\/ \u042d\u043a\u043e\u043b\u043e\u0433\u0438\u0447\u0435\u0441\u043a\u0438 \u0447\u0438\u0441\u0442\u044b\u0435 \u043f\u043b\u0438\u043d\u0442\u0443\u0441\u0430 \u0438\u0437 \u0434\u0435\u0440\u0435\u0432\u0430 \u043e\u0442\u0434\u0435\u043b\u0430\u043d\u043d\u044b\u0435 \u043d\u0430\u0442\u0443\u0440\u0430\u043b\u044c\u043d\u044b\u043c \u0448\u043f\u043e\u043d\u043e\u043c \u0432\u044b\u0441\u043e\u0442\u043e\u0439 40, 60, 80 \u0438 100 \u043c\u043c. \u0418\u0437\u044b\u0441\u043a\u0430\u043d\u043d\u044b\u0435 \u043f\u043b\u0438\u043d\u0442\u0443\u0441\u0430 \u043e\u0442\u0434\u0435\u043b\u0430\u043d\u043d\u044b\u0435 \u0430\u043b\u044e\u043c\u0438\u043d\u0438\u0435\u043c. \u0412\u0435\u043b\u0438\u043a\u043e\u043b\u0435\u043f\u043d\u044b\u0435 \u043d\u0430\u043b\u0438\u0447\u043d\u0438\u043a\u0438 \u043e\u0442\u0434\u0435\u043b\u0430\u043d\u043d\u044b\u0435 \u043d\u0430\u0442\u0443\u0440\u0430\u043b\u044c\u043d\u044b\u043c \u0448\u043f\u043e\u043d\u043e\u043c. \u041d\u0430\u0440\u0443\u0436\u043d\u044b\u0435 \u0438 \u0432\u043d\u0443\u0442\u0440\u0435\u043d\u043d\u0438\u0435 \u0443\u0433\u043b\u044b \u043e\u0442\u0434\u0435\u043b\u0430\u043d\u043d\u044b\u0435 \u043d\u0430\u0442\u0443\u0440\u0430\u043b\u044c\u043d\u044b\u043c \u0448\u043f\u043e\u043d\u043e\u043c.","og_url":"http:\/\/tcs.lv\/?page_id=33","og_site_name":"TCS,SIA","article_modified_time":"2020-02-06T22:57:53+00:00","twitter_card":"summary_large_image","schema":{"@context":"https:\/\/schema.org","@graph":[{"@type":"WebPage","@id":"http:\/\/tcs.lv\/?page_id=33","url":"http:\/\/tcs.lv\/?page_id=33","name":"KARL PEDROSS - TCS,SIA","isPartOf":{"@id":"http:\/\/tcs.lv\/#website"},"datePublished":"2019-09-28T19:03:09+00:00","dateModified":"2020-02-06T22:57:53+00:00","breadcrumb":{"@id":"http:\/\/tcs.lv\/?page_id=33#breadcrumb"},"inLanguage":"en","potentialAction":[{"@type":"ReadAction","target":["http:\/\/tcs.lv\/?page_id=33"]}]},{"@type":"BreadcrumbList","@id":"http:\/\/tcs.lv\/?page_id=33#breadcrumb","itemListElement":[{"@type":"ListItem","position":1,"name":"Home","item":"https:\/\/tcs.lv\/"},{"@type":"ListItem","position":2,"name":"Produkcija","item":"https:\/\/tcs.lv\/?page_id=39"},{"@type":"ListItem","position":3,"name":"KARL PEDROSS"}]},{"@type":"WebSite","@id":"http:\/\/tcs.lv\/#website","url":"http:\/\/tcs.lv\/","name":"TCS,SIA","description":"L\u012bstes pasaule","potentialAction":[{"@type":"SearchAction","target":{"@type":"EntryPoint","urlTemplate":"http:\/\/tcs.lv\/?s={search_term_string}"},"query-input":{"@type":"PropertyValueSpecification","valueRequired":true,"valueName":"search_term_string"}}],"inLanguage":"en"}]}},"_links":{"self":[{"href":"http:\/\/tcs.lv\/index.php?rest_route=\/wp\/v2\/pages\/33","targetHints":{"allow":["GET"]}}],"collection":[{"href":"http:\/\/tcs.lv\/index.php?rest_route=\/wp\/v2\/pages"}],"about":[{"href":"http:\/\/tcs.lv\/index.php?rest_route=\/wp\/v2\/types\/page"}],"author":[{"embeddable":true,"href":"http:\/\/tcs.lv\/index.php?rest_route=\/wp\/v2\/users\/1"}],"replies":[{"embeddable":true,"href":"http:\/\/tcs.lv\/index.php?rest_route=%2Fwp%2Fv2%2Fcomments&post=33"}],"version-history":[{"count":3,"href":"http:\/\/tcs.lv\/index.php?rest_route=\/wp\/v2\/pages\/33\/revisions"}],"predecessor-version":[{"id":235,"href":"http:\/\/tcs.lv\/index.php?rest_route=\/wp\/v2\/pages\/33\/revisions\/235"}],"up":[{"embeddable":true,"href":"http:\/\/tcs.lv\/index.php?rest_route=\/wp\/v2\/pages\/39"}],"wp:attachment":[{"href":"http:\/\/tcs.lv\/index.php?rest_route=%2Fwp%2Fv2%2Fmedia&parent=33"}],"curies":[{"name":"wp","href":"https:\/\/api.w.org\/{rel}","templated":true}]}}